6 (base 8) to base 9.
-356
-20104 (base 6) to base 12
-1634
Convert -91 (base 14) to base 11.
-106
Convert 29141 (base 10) to base 7.
150650
Convert -343 (base 10) to base 14.
-1a7
What is 101001011011101 (base 2) in base 11?
14a35
Convert 121212010 (base 3) to base 15.
3993
742 (base 8) to base 11
3a9
-1041 (base 12) to base 14
-90d
Convert -abd (base 16) to base 7.
-11005
Convert -1114 (base 9) to base 7.
-2254
Convert -10211030 (base 4) to base 6.
-222512
-150 (base 6) to base 15
-46
What is -be4c (base 15) in base 2?
-1001110110011011
What is -26726 (base 8) in base 11?
-88a8
Convert 9136 (base 14) to base 4.
12011230
-4372 (base 8) to base 11
-17aa
Convert 1011022020 (base 3) to base 16.
5925
Convert -2002221 (base 3) to base 4.
-120001
-102101 (base 4) to base 2
-10010010001
Convert 4212 (base 9) to base 6.
22145
What is -42ba (base 12) in base 2?
-1110010101110
What is 321210 (base 4) in base 10?
3684
Convert 4213 (base 5) to base 12.
3a6
Convert -9cd5 (base 14) to base 2.
-110101001100011
336012 (base 7) to base 16
e92b
216 (base 7) to base 4
1233
What is 84a0 (base 11) in base 5?
324432
-3472 (base 14) to base 5
-242431
What is -23c7 (base 13) in base 8?
-11710
600 (base 10) to base 9
736
100011011 (base 2) to base 12
1b7
52133 (base 10) to base 4
30232211
What is -100001010 (base 2) in base 11?
-222
-70 (base 12) to base 5
-314
11122 (base 3) to base 2
1111101
Convert 747 (base 15) to base 6.
11334
Convert -4e6 (base 15) to base 13.
-67b
What is 2011 (base 15) in base 2?
1101001101110
-31d (base 14) to base 9
-753
Convert 3023 (base 6) to base 9.
816
What is 1431 (base 6) in base 11?
315
-310123 (base 4) to base 14
-1319
-90 (base 11) to base 2
-1100011
What is b264 (base 12) in base 14?
70ba
Convert -2e8 (base 15) to base 4.
-22130
1133 (base 5) to base 2
10101000
Convert 57 (base 13) to base 9.
80
-10333 (base 4) to base 12
-227
49bb (base 14) to base 5
403110
98 (base 14) to base 4
2012
What is -482a (base 16) in base 11?
-12975
-852 (base 11) to base 16
-401
What is -f36 (base 16) in base 9?
-5306
Convert -12001012 (base 3) to base 7.
-13502
What is 110b4 (base 12) in base 8?
54110
Convert -3403 (base 6) to base 5.
-11140
What is 13419 (base 16) in base 9?
130166
Convert -2390 (base 12) to base 8.
-7634
What is 18335 (base 9) in base 2?
11000101111100
1010011101 (base 2) to base 6
3033
-100110000101 (base 2) to base 12
-14b1
Convert -222000 (base 4) to base 12.
-1680
What is a8 (base 12) in base 14?
92
Convert 906b (base 12) to base 3.
210110002
Convert 124f7 (base 16) to base 6.
1335115
Convert -30102 (base 4) to base 9.
-1063
Convert 112 (base 8) to base 9.
82
What is -3273 (base 8) in base 15?
-79d
What is 232022 (base 4) in base 10?
2954
-60e (base 16) to base 12
-a92
1012211121 (base 3) to base 12
11a2a
What is -200215 (base 6) in base 14?
-59ab
What is -14223 (base 7) in base 16?
-f30
Convert -2202 (base 14) to base 2.
-1011011111010
What is 16623 (base 11) in base 14?
873c
-114103 (base 6) to base 13
-4704
Convert -6112 (base 14) to base 6.
-205112
1238 (base 9) to base 11
772
-175 (base 9) to base 7
-302
276 (base 10) to base 14
15a
253 (base 12) to base 5
2401
Convert -12122202 (base 3) to base 10.
-4124
Convert 813 (base 9) to base 13.
3ba
Convert -6ac (base 16) to base 10.
-1708
Convert -21505 (base 10) to base 5.
-1142010
Convert -304 (base 12) to base 8.
-664
-2020001 (base 3) to base 8
-3125
160304 (base 8) to base 10
57540
Convert -8436 (base 11) to base 16.
-2ba3
What is -3600 (base 9) in base 7?
-10536
What is -435 (base 8) in base 9?
-346
What is 32464 (base 7) in base 10?
8131
Convert 103021 (base 4) to base 13.
733
Convert -16773 (base 8) to base 10.
-7675
What is -1558 (base 13) in base 16?
-c2b
-1aba (base 14) to base 6
-34312
What is 215 (base 11) in base 10?
258
6527 (base 9) to base 16
12c4
Convert 41c6 (base 15) to base 13.
6441
-1110110000000 (base 2) to base 10
-7552
Convert -1121 (base 12) to base 5.
-30042
What is -34368 (base 9) in base 15?
-6bbe
Convert 331431 (base 5) to base 15.
3611
What is -13323 (base 6) in base 9?
-2746
What is -e7c (base 16) in base 14?
-14cc
Convert 18639 (base 12) to base 5.
2113334
Convert -400440 (base 5) to base 6.
-134232
Convert 254 (base 10) to base 6.
1102
Convert -21321 (base 4) to base 9.
-773
What is -15263 (base 10) in base 14?
-57c3
-1540 (base 7) to base 10
-616
Convert -10124203 (base 5) to base 8.
-242155
What is -3012 (base 6) in base 7?
-1625
ab7 (base 14) to base 12
1289
Convert -acc (base 14) to base 13.
-c88
Convert 202201112 (base 3) to base 11.
10394
Convert 202021 (base 4) to base 8.
4211
1240144 (base 5) to base 3
1020111121
What is 1001211 (base 3) in base 2?
1100001010
What is -c5c5 (base 15) in base 10?
-41810
-ea1 (base 16) to base 7
-13630
What is 6c6 (base 14) in base 4?
111012
What is 199 (base 13) in base 9?
357
What is 695b (base 13) in base 16?
39bb
Convert 13766 (base 12) to base 4.
12211332
-28eb (base 15) to base 3
-110000212
1001000202 (base 3) to base 8
47720
What is -4414 (base 6) in base 3?
-1101201
What is -e47f (base 16) in base 9?
-88214
What is 1272 (base 12) in base 7?
6062
Convert -688b (base 12) to base 4.
-2311223
-1002002021 (base 3) to base 7
-115546
-282 (base 14) to base 12
-362
Convert -4111 (base 6) to base 5.
-12112
What is -132330 (base 5) in base 3?
-21022210
Convert 60532 (base 9) to base 14.
1070c
What is -1428 (base 14) in base 16?
-dec
What is -71a (base 13) in base 15?
-556
What is 10706 (base 8) in base 4?
1013012
Convert -11000110 (base 3) to base 14.
-10d2
890 (base 10) to base 14
478
What is 13010 (base 5) in base 9?
1336
Convert 3094 (base 11) to base 6.
30544
Convert -20321 (base 4) to base 3.
-210002
Convert 5541 (base 6) to base 4.
110011
-36106 (base 7) to base 14
-3576
10012010 (base 3) to base 6
14433
What is -2233 (base 4) in base 6?
-451
What is 23302 (base 4) in base 15?
354
What is -220200 (base 3) in base 11?
-556
What is -123441 (base 7) in base 11?
-161a5
Convert 11897 (base 12) to base 16.
5cb3
3111 (base 5) to base 2
110010110
13345 (base 6) to base 14
a89
Convert 262 (base 11) to base 8.
466
Convert 1121212 (base 3) to base 8.
2240
20100212 (base 3) to base 2
1001000100000
-14c3 (base 13) to base 4
-233120
Convert 22021200 (base 4) to base 13.
15bc7
Convert -6356 (base 10) to base 8.
-14324
Convert -a51 (base 11) to base 8.
-2362
Convert 10101100101101 (base 2) to base 3.
120011101
What is ba9 (base 12) in base 8?
3261
What is 4c0 (base 15) in base 3?
1111000
2031002 (base 4) to base 13
4154
42334 (base 7) to base 15
3177
Convert 10021022022 (base 3) to base 11.
44404
-6abb (base 12) to base 15
-381b
What is 13011 (base 4) in base 8?
705
What is -1001100 (base 2) in base 9?
-84
Convert 87a (base 14) to base 4.
122030
What is 1001111 (base 2) in base 14?
59
Convert -6454 (base 8) to base 10.
-3372
What is 10101111011100 (base 2) in base 15?
34d8
What is -11e (base 16) in base 14?
-166
What is 100100001110 (base 2) in base 4?
210032
What is -1376 (base 14) in base 2?
-110101101100
Convert -1101001 (base 2) to base 4.
-1221
Convert 2a8 (base 14) to base 16.
21c
40440 (base 12) to base 14
22652
Convert -a17 (base 11) to base 5.
-14403
25b (base 15) to base 7
1364
-103506 (base 8) to base 3
-1202111121
Convert 20223 (base 5) to base 10.
1313
What is 12250 (base 7) in base 4?
302110
What is -cf16 (base 16) in base 8?
-147426
9243 (base 10) to base 11
6a43
Convert -54101 (base 6) to base 5.
-214011
What is -122035 (base 7) in base 12?
-10b01
Convert -579 (base 10) to base 8.
-1103
What is 1010011010 (base 3) in base 5?
1200411
Convert -1111011000 (base 3) to base 8.
-71124
What is 4cb (base 13) in base 7?
2313
Convert -14043 (base 8) to base 5.
-144204
What is 11130 (base 4) in base 6?
1340
What is -340 (base 15) in base 11?
-609
2a3 (base 12) to base 16
19b
What is 150356 (base 8) in base 10?
53486
What is 1b49 (base 15) in base 6?
43223
What is 4a64 (base 13) in base 10?
10560
Convert 6c3 (base 15) to base 10.
1533
What is -12000100 (base 3) in base 10?
-3654
Convert 1100010 (base 2) to base 12.
82
What is -1002 (base 6) in base 7?
-431
6126 (base 12) to base 2
10100100101110
1601 (base 7) to base 6
2542
1100000010 (base 2) to base 10
770
52333 (base 6) to base 4
1232001
Convert 116663 (bas